[INFO] cloning repository https://github.com/hegza/vcn-inference-rs
[INFO] running `Command { std: "git" "-c" "credential.helper=" "-c" "credential.helper=/workspace/cargo-home/bin/git-credential-null" "clone" "--bare" "https://github.com/hegza/vcn-inference-rs" "/workspace/cache/git-repos/https%3A%2F%2Fgithub.com%2Fhegza%2Fvcn-inference-rs", kill_on_drop: false }`
[INFO] [stderr] Cloning into bare repository '/workspace/cache/git-repos/https%3A%2F%2Fgithub.com%2Fhegza%2Fvcn-inference-rs'...
[INFO] running `Command { std: "git" "rev-parse" "HEAD", kill_on_drop: false }`
[INFO] [stdout] 0c1743ae9377371cad36522783701833e5b828e7
[INFO] checking hegza/vcn-inference-rs against master#af3c6e733a40e671550e0f0f5aeecaa13772ba56 for pr-74989
[INFO] running `Command { std: "git" "clone" "/workspace/cache/git-repos/https%3A%2F%2Fgithub.com%2Fhegza%2Fvcn-inference-rs" "/workspace/builds/worker-5/source", kill_on_drop: false }`
[INFO] [stderr] Cloning into '/workspace/builds/worker-5/source'...
[INFO] [stderr] done.
[INFO] [stderr] Checking out files:  86% (131/152)   
Checking out files:  87% (133/152)   
Checking out files:  88% (134/152)   
Checking out files:  89% (136/152)   
Checking out files:  90% (137/152)   
Checking out files:  91% (139/152)   
Checking out files:  92% (140/152)   
Checking out files:  93% (142/152)   
Checking out files:  94% (143/152)   
Checking out files:  95% (145/152)   
Checking out files:  96% (146/152)   
Checking out files:  97% (148/152)   
Checking out files:  98% (149/152)   
Checking out files:  99% (151/152)   
Checking out files: 100% (152/152)   
Checking out files: 100% (152/152), done.
[INFO] validating manifest of git repo https://github.com/hegza/vcn-inference-rs on toolchain af3c6e733a40e671550e0f0f5aeecaa13772ba56
[INFO] running `Command { std: "/workspace/cargo-home/bin/cargo" "+af3c6e733a40e671550e0f0f5aeecaa13772ba56" "read-manifest" "--manifest-path" "Cargo.toml", kill_on_drop: false }`
[INFO] started tweaking git repo https://github.com/hegza/vcn-inference-rs
[INFO] finished tweaking git repo https://github.com/hegza/vcn-inference-rs
[INFO] tweaked toml for git repo https://github.com/hegza/vcn-inference-rs written to /workspace/builds/worker-5/source/Cargo.toml
[INFO] crate git repo https://github.com/hegza/vcn-inference-rs already has a lockfile, it will not be regenerated
[INFO] running `Command { std: "/workspace/cargo-home/bin/cargo" "+af3c6e733a40e671550e0f0f5aeecaa13772ba56" "fetch" "--locked" "--manifest-path" "Cargo.toml", kill_on_drop: false }`
[INFO] [stderr]     Blocking waiting for file lock on package cache
[INFO] [stderr]     Blocking waiting for file lock on package cache
[INFO] running `Command { std: "docker" "create" "-v" "/var/lib/crater-agent-workspace/builds/worker-5/target:/opt/rustwide/target:rw,Z" "-v" "/var/lib/crater-agent-workspace/builds/worker-5/source:/opt/rustwide/workdir:ro,Z" "-v" "/var/lib/crater-agent-workspace/cargo-home:/opt/rustwide/cargo-home:ro,Z" "-v" "/var/lib/crater-agent-workspace/rustup-home:/opt/rustwide/rustup-home:ro,Z" "-e" "SOURCE_DIR=/opt/rustwide/workdir" "-e" "CARGO_TARGET_DIR=/opt/rustwide/target" "-e" "CARGO_HOME=/opt/rustwide/cargo-home" "-e" "RUSTUP_HOME=/opt/rustwide/rustup-home" "-w" "/opt/rustwide/workdir" "-m" "1610612736" "--user" "0:0" "--network" "none" "rustops/crates-build-env@sha256:d92eaeed33fa75130ca1ee6c8a01d1ffb62bac859dfdfb3450e3e5d1c0146529" "/opt/rustwide/cargo-home/bin/cargo" "+af3c6e733a40e671550e0f0f5aeecaa13772ba56" "metadata" "--no-deps" "--format-version=1", kill_on_drop: false }`
[INFO] [stdout] bf56480d90b87b6ba7da8b43488c3282679eb93b36d1b314597035d53128dc0e
[INFO] [stderr] WARNING: Your kernel does not support swap limit capabilities or the cgroup is not mounted. Memory limited without swap.
[INFO] running `Command { std: "docker" "start" "-a" "bf56480d90b87b6ba7da8b43488c3282679eb93b36d1b314597035d53128dc0e", kill_on_drop: false }`
[INFO] running `Command { std: "docker" "inspect" "bf56480d90b87b6ba7da8b43488c3282679eb93b36d1b314597035d53128dc0e", kill_on_drop: false }`
[INFO] running `Command { std: "docker" "rm" "-f" "bf56480d90b87b6ba7da8b43488c3282679eb93b36d1b314597035d53128dc0e", kill_on_drop: false }`
[INFO] [stdout] bf56480d90b87b6ba7da8b43488c3282679eb93b36d1b314597035d53128dc0e
[INFO] running `Command { std: "docker" "create" "-v" "/var/lib/crater-agent-workspace/builds/worker-5/target:/opt/rustwide/target:rw,Z" "-v" "/var/lib/crater-agent-workspace/builds/worker-5/source:/opt/rustwide/workdir:ro,Z" "-v" "/var/lib/crater-agent-workspace/cargo-home:/opt/rustwide/cargo-home:ro,Z" "-v" "/var/lib/crater-agent-workspace/rustup-home:/opt/rustwide/rustup-home:ro,Z" "-e" "SOURCE_DIR=/opt/rustwide/workdir" "-e" "CARGO_TARGET_DIR=/opt/rustwide/target" "-e" "CARGO_INCREMENTAL=0" "-e" "RUST_BACKTRACE=full" "-e" "RUSTFLAGS=--cap-lints=forbid" "-e" "CARGO_HOME=/opt/rustwide/cargo-home" "-e" "RUSTUP_HOME=/opt/rustwide/rustup-home" "-w" "/opt/rustwide/workdir" "-m" "1610612736" "--user" "0:0" "--network" "none" "rustops/crates-build-env@sha256:d92eaeed33fa75130ca1ee6c8a01d1ffb62bac859dfdfb3450e3e5d1c0146529" "/opt/rustwide/cargo-home/bin/cargo" "+af3c6e733a40e671550e0f0f5aeecaa13772ba56" "check" "--frozen" "--all" "--all-targets" "--message-format=json", kill_on_drop: false }`
[INFO] [stdout] fcd2d548d53b5d98c3923f59d4b3ba45c6541fa26de7228da86a7603288d1a8a
[INFO] [stderr] WARNING: Your kernel does not support swap limit capabilities or the cgroup is not mounted. Memory limited without swap.
[INFO] running `Command { std: "docker" "start" "-a" "fcd2d548d53b5d98c3923f59d4b3ba45c6541fa26de7228da86a7603288d1a8a", kill_on_drop: false }`
[INFO] [stderr]    Compiling num-traits v0.2.6
[INFO] [stderr]    Compiling proc-macro2 v0.4.27
[INFO] [stderr]    Compiling autocfg v0.1.2
[INFO] [stderr]     Checking cfg-if v0.1.7
[INFO] [stderr]    Compiling num-integer v0.1.39
[INFO] [stderr]     Checking lazy_static v1.3.0
[INFO] [stderr]     Checking nodrop v0.1.13
[INFO] [stderr]     Checking rustc-serialize v0.3.24
[INFO] [stderr]     Checking either v1.5.1
[INFO] [stderr]    Compiling memchr v2.2.0
[INFO] [stderr]    Compiling num-iter v0.1.37
[INFO] [stderr]     Checking scopeguard v0.3.3
[INFO] [stderr]    Compiling serde v1.0.89
[INFO] [stderr]    Compiling rayon-core v1.4.1
[INFO] [stderr]    Compiling cc v1.0.30
[INFO] [stderr]     Checking memoffset v0.2.1
[INFO] [stderr]    Compiling failure_derive v0.1.5
[INFO] [stderr]    Compiling rayon v1.0.3
[INFO] [stderr]    Compiling num-complex v0.2.1
[INFO] [stderr]     Checking rawpointer v0.1.0
[INFO] [stderr]     Checking rustc-demangle v0.1.13
[INFO] [stderr]    Compiling matrixmultiply v0.1.15
[INFO] [stderr]     Checking adler32 v1.0.3
[INFO] [stderr]    Compiling cl-sys v0.4.2
[INFO] [stderr]    Compiling num-derive v0.2.4
[INFO] [stderr]    Compiling num-rational v0.2.1
[INFO] [stderr]    Compiling ryu v0.2.7
[INFO] [stderr]    Compiling regex v1.1.2
[INFO] [stderr]    Compiling ndarray v0.12.1
[INFO] [stderr]     Checking approx v0.1.1
[INFO] [stderr]     Checking quick-error v1.2.2
[INFO] [stderr]     Checking futures v0.1.25
[INFO] [stderr]     Checking crossbeam v0.3.2
[INFO] [stderr]     Checking termcolor v1.0.4
[INFO] [stderr]     Checking itoa v0.4.3
[INFO] [stderr]     Checking safe-transmute v0.10.1
[INFO] [stderr]     Checking same-file v1.0.4
[INFO] [stderr]     Checking cast v0.2.2
[INFO] [stderr]     Checking enclose v0.1.4
[INFO] [stderr]     Checking rand_jitter v0.1.3
[INFO] [stderr]     Checking crossbeam-utils v0.2.2
[INFO] [stderr]     Checking log v0.4.6
[INFO] [stderr]     Checking thread_local v0.3.6
[INFO] [stderr]     Checking itertools v0.7.11
[INFO] [stderr]     Checking itertools v0.8.0
[INFO] [stderr]     Checking matrixmultiply v0.2.2
[INFO] [stderr]     Checking inflate v0.4.5
[INFO] [stderr]     Checking regex-syntax v0.6.5
[INFO] [stderr]     Checking gif v0.10.1
[INFO] [stderr]     Checking humantime v1.2.0
[INFO] [stderr]    Compiling backtrace v0.3.14
[INFO] [stderr]    Compiling rand_chacha v0.1.1
[INFO] [stderr]    Compiling rand_pcg v0.1.2
[INFO] [stderr]    Compiling rand v0.6.5
[INFO] [stderr]     Checking arrayvec v0.4.10
[INFO] [stderr]     Checking walkdir v2.2.7
[INFO] [stderr]    Compiling ocl-core v0.11.1
[INFO] [stderr]     Checking clap v2.32.0
[INFO] [stderr]     Checking rand v0.4.6
[INFO] [stderr]     Checking num_cpus v1.10.0
[INFO] [stderr]     Checking rand_os v0.1.3
[INFO] [stderr]     Checking deflate v0.7.19
[INFO] [stderr]     Checking rand_xoshiro v0.1.0
[INFO] [stderr]     Checking crossbeam-epoch v0.3.1
[INFO] [stderr]     Checking criterion-plot v0.3.0
[INFO] [stderr]     Checking crossbeam-deque v0.2.0
[INFO] [stderr]    Compiling quote v0.6.11
[INFO] [stderr]     Checking aho-corasick v0.6.10
[INFO] [stderr]     Checking csv-core v0.1.5
[INFO] [stderr]    Compiling backtrace-sys v0.1.28
[INFO] [stderr]    Compiling syn v0.15.27
[INFO] [stderr]     Checking qutex v0.2.1
[INFO] [stderr]     Checking num-traits v0.1.43
[INFO] [stderr]     Checking noisy_float v0.1.9
[INFO] [stderr]     Checking enum_primitive v0.1.1
[INFO] [stderr]     Checking num-complex v0.1.43
[INFO] [stderr]     Checking num-bigint v0.1.44
[INFO] [stderr]     Checking png v0.14.0
[INFO] [stderr]     Checking alga v0.5.4
[INFO] [stderr]     Checking num-rational v0.1.42
[INFO] [stderr]     Checking num v0.1.42
[INFO] [stderr]     Checking ocl-core-vector v0.1.0
[INFO] [stderr]     Checking jpeg-decoder v0.1.15
[INFO] [stderr]     Checking env_logger v0.6.0
[INFO] [stderr]    Compiling synstructure v0.10.1
[INFO] [stderr]     Checking serde_json v1.0.39
[INFO] [stderr]     Checking csv v1.0.5
[INFO] [stderr]    Compiling serde_derive v1.0.89
[INFO] [stderr]     Checking tinytemplate v1.0.1
[INFO] [stderr]     Checking failure v0.1.5
[INFO] [stderr]     Checking tiff v0.2.2
[INFO] [stderr]     Checking image v0.21.0
[INFO] [stderr]     Checking ocl v0.19.2
[INFO] [stdout] error[E0502]: cannot borrow `self.cmd.buffer.obj_core` as immutable because it is also borrowed as mutable
[INFO] [stdout]     --> /opt/rustwide/cargo-home/registry/src/github.com-1ecc6299db9ec823/ocl-0.19.2/src/standard/buffer.rs:1609:13
[INFO] [stdout]      |
[INFO] [stdout] 1606 |         let (offset, len, queue, flags, ewait, enew, /*is_mapped*/) = self.enq_details()?;
[INFO] [stdout]      |                                                                       ---- mutable borrow occurs here
[INFO] [stdout] ...
[INFO] [stdout] 1609 |             &self.cmd.buffer.obj_core, true, flags, offset, len, ewait, enew)?;
[INFO] [stdout]      |             ^^^^^^^^^^^^^^^^^^^^^^^^^ immutable borrow occurs here
[INFO] [stdout] ...
[INFO] [stdout] 1614 |             queue.clone()))
[INFO] [stdout]      |             ----- mutable borrow later used here
[INFO] [stdout] 
[INFO] [stdout] 
[INFO] [stdout] error[E0502]: cannot borrow `self.cmd.buffer.obj_core` as immutable because it is also borrowed as mutable
[INFO] [stdout]     --> /opt/rustwide/cargo-home/registry/src/github.com-1ecc6299db9ec823/ocl-0.19.2/src/standard/buffer.rs:1613:57
[INFO] [stdout]      |
[INFO] [stdout] 1606 |         let (offset, len, queue, flags, ewait, enew, /*is_mapped*/) = self.enq_details()?;
[INFO] [stdout]      |                                                                       ---- mutable borrow occurs here
[INFO] [stdout] ...
[INFO] [stdout] 1613 |         Ok(MemMap::new(mm_core, len, None, unmap_event, self.cmd.buffer.obj_core.clone(),
[INFO] [stdout]      |                                                         ^^^^^^^^^^^^^^^^^^^^^^^^ immutable borrow occurs here
[INFO] [stdout] 1614 |             queue.clone()))
[INFO] [stdout]      |             ----- mutable borrow later used here
[INFO] [stdout] 
[INFO] [stdout] 
[INFO] [stdout] error[E0502]: cannot borrow `self.cmd.buffer.obj_core` as immutable because it is also borrowed as mutable
[INFO] [stdout]     --> /opt/rustwide/cargo-home/registry/src/github.com-1ecc6299db9ec823/ocl-0.19.2/src/standard/buffer.rs:1635:13
[INFO] [stdout]      |
[INFO] [stdout] 1630 |         let (offset, len, queue, flags, ewait, enew, /*is_mapped*/) = self.enq_details()?;
[INFO] [stdout]      |                                                                       ---- mutable borrow occurs here
[INFO] [stdout] ...
[INFO] [stdout] 1635 |             &self.cmd.buffer.obj_core, false, flags, offset, len, ewait,
[INFO] [stdout]      |             ^^^^^^^^^^^^^^^^^^^^^^^^^ immutable borrow occurs here
[INFO] [stdout] ...
[INFO] [stdout] 1646 |             self.cmd.buffer.obj_core.clone(), queue.clone(), /*is_mapped*/))
[INFO] [stdout]      |                                               ----- mutable borrow later used here
[INFO] [stdout] 
[INFO] [stdout] 
[INFO] [stdout] error[E0502]: cannot borrow `self.cmd.buffer.obj_core` as immutable because it is also borrowed as mutable
[INFO] [stdout]     --> /opt/rustwide/cargo-home/registry/src/github.com-1ecc6299db9ec823/ocl-0.19.2/src/standard/buffer.rs:1646:13
[INFO] [stdout]      |
[INFO] [stdout] 1630 |         let (offset, len, queue, flags, ewait, enew, /*is_mapped*/) = self.enq_details()?;
[INFO] [stdout]      |                                                                       ---- mutable borrow occurs here
[INFO] [stdout] ...
[INFO] [stdout] 1646 |             self.cmd.buffer.obj_core.clone(), queue.clone(), /*is_mapped*/))
[INFO] [stdout]      |             ^^^^^^^^^^^^^^^^^^^^^^^^          ----- mutable borrow later used here
[INFO] [stdout]      |             |
[INFO] [stdout]      |             immutable borrow occurs here
[INFO] [stdout] 
[INFO] [stdout] 
[INFO] [stderr]     Checking sprs v0.6.3
[INFO] [stderr]     Checking criterion v0.2.10
[INFO] [stdout] error: aborting due to 4 previous errors
[INFO] [stdout] 
[INFO] [stdout] 
[INFO] [stdout] For more information about this error, try `rustc --explain E0502`.
[INFO] [stdout] 
[INFO] [stderr] error: could not compile `ocl`.
[INFO] [stderr] 
[INFO] [stderr] To learn more, run the command again with --verbose.
[INFO] [stderr] warning: build failed, waiting for other jobs to finish...
[INFO] [stdout] error[E0502]: cannot borrow `indptr` as immutable because it is also borrowed as mutable
[INFO] [stdout]    --> /opt/rustwide/cargo-home/registry/src/github.com-1ecc6299db9ec823/sprs-0.6.3/src/sparse/triplet_iter.rs:122:26
[INFO] [stdout]     |
[INFO] [stdout] 122 |             indptr[i] += indptr[i - 1];
[INFO] [stdout]     |             -------------^^^^^^-------
[INFO] [stdout]     |             |            |
[INFO] [stdout]     |             |            immutable borrow occurs here
[INFO] [stdout]     |             mutable borrow occurs here
[INFO] [stdout]     |             mutable borrow later used here
[INFO] [stdout] 
[INFO] [stdout] 
[INFO] [stdout] error: aborting due to previous error
[INFO] [stdout] 
[INFO] [stdout] 
[INFO] [stdout] For more information about this error, try `rustc --explain E0502`.
[INFO] [stdout] 
[INFO] [stderr] error: build failed
[INFO] running `Command { std: "docker" "inspect" "fcd2d548d53b5d98c3923f59d4b3ba45c6541fa26de7228da86a7603288d1a8a", kill_on_drop: false }`
[INFO] running `Command { std: "docker" "rm" "-f" "fcd2d548d53b5d98c3923f59d4b3ba45c6541fa26de7228da86a7603288d1a8a", kill_on_drop: false }`
[INFO] [stdout] fcd2d548d53b5d98c3923f59d4b3ba45c6541fa26de7228da86a7603288d1a8a
